{"id":955,"date":"2024-05-17T15:33:38","date_gmt":"2024-05-17T12:33:38","guid":{"rendered":"https:\/\/obentarim.com\/?page_id=955"},"modified":"2024-05-17T15:33:38","modified_gmt":"2024-05-17T12:33:38","slug":"tarimsal-sulama","status":"publish","type":"page","link":"https:\/\/obentarim.com\/?page_id=955","title":{"rendered":"Tar\u0131msal Sulama"},"content":{"rendered":"\n<p><\/p>\n\n\n\n<p>Modern sulama y\u00f6ntemleri, ilerleyen sulama teknolojileri ile birlikte geli\u015fmeye devam ediyor. Bu y\u00f6ntemlerden biri olan damla sulama hen\u00fcz y\u00fczde 14\u2019l\u00fck bir paya sahip olsa da verim ve enerji tasarrufu avantajlar\u0131 ile kullan\u0131m\u0131 yayg\u0131nla\u015f\u0131yor.<a href=\"https:\/\/hektas.com.tr\/bitki-besleme\/damlama-sulama\/\">&nbsp;Hekta\u015f da damla sulamaya \u00f6zel bitki besleme \u00fcr\u00fcnleriyle<\/a>&nbsp;\u00fcreticinin verimlili\u011fi artt\u0131rmas\u0131na destek oluyor.<\/p>\n\n\n\n<p>Bitkilerin ihtiyac\u0131 olan ve do\u011fal yollarla kar\u015f\u0131layamad\u0131\u011f\u0131 suyun&nbsp; uygun y\u00f6ntemlerle topra\u011fa verilmesi anlam\u0131na gelen sulama, tar\u0131mda hayati \u00f6neme sahip. \u00c7ok eski tarihlerden beri sulu tar\u0131m yapan insano\u011flunun sulama kanallar\u0131 in\u015fa etmesi, ilkel sulama makinelerini geli\u015ftirmesi ile s\u00fcren sulama ser\u00fcveni, salma sulama, ya\u011fmurlama sulama, pivot sulama, damla sulama gibi y\u00f6ntemlerle devam ediyor. Son 50 y\u0131lda h\u0131zla ilerleme g\u00f6steren tar\u0131msal sulamada modern sulama y\u00f6ntemlerine ge\u00e7i\u015f ya\u015fan\u0131yor.<\/p>\n\n\n\n<p><strong>Modern sulama teknolojileri geli\u015fiyor<\/strong><\/p>\n\n\n\n<p>DS\u0130\u2019nin 2016 verilerine g\u00f6re T\u00fcrkiye\u2019de t\u00fcketilen suyun y\u00fczde 73\u2019\u00fc tar\u0131msal sulama ama\u00e7l\u0131 kullan\u0131l\u0131yor. Tatl\u0131 su kaynaklar\u0131n\u0131n azalmas\u0131 nedeniyle her ge\u00e7en g\u00fcn bu kaynaklar\u0131n \u00f6nemi artarken 2023 hedeflerinde tar\u0131msal sulama pay\u0131n\u0131n y\u00fczde 64\u2019e indirilmesi ama\u00e7lan\u0131yor. Tar\u0131msal sulama pay\u0131n\u0131n azalt\u0131lmas\u0131nda enerji ve su tasarrufu sa\u011flayan sulama teknolojilerinde modern y\u00f6ntemleri kullanmak b\u00fcy\u00fck \u00f6nem ta\u015f\u0131yor.<\/p>\n\n\n\n<p>Il\u0131man ve nemli iklime sahip b\u00f6lgelerde tamamlay\u0131c\u0131 sulama olarak ba\u015flayan modern sulama y\u00f6ntemlerinden ya\u011fmurlama sulama, Sanayi Devrimi\u2019nden sonra teknolojik ilerlemelerle geli\u015fme g\u00f6sterdi. T\u00fcrkiye\u2019de ilk kez 1960\u2019larda Ege b\u00f6lgesinde kullan\u0131lmaya ba\u015flayan bas\u0131n\u00e7l\u0131 sulama y\u00f6ntemlerinden ya\u011fmurlama sulama zamanla di\u011fer b\u00f6lgelere yay\u0131ld\u0131. Y\u00fczey sulama y\u00f6ntemlerinden sonra y\u00fczde 19 ile en \u00e7ok tercih edilen bu y\u00f6ntemde, belirli bir kaynaktan al\u0131nan su bas\u0131n\u00e7 yard\u0131m\u0131yla tarlaya kadar getiriliyor ve topra\u011fa p\u00fcsk\u00fcrt\u00fcl\u00fcyor.<\/p>\n\n\n\n<p>Dik ve engebeli arazilerde hi\u00e7 tesviyeye gerek duyulmadan ya da \u00e7ok az tesviye arac\u0131l\u0131\u011f\u0131yla ya\u011fmurlama sulama yap\u0131labiliyor. Sulama suyunun derine s\u0131zmas\u0131n\u0131, y\u00fczeysel sulamalardaki gibi y\u00fczeyden su kay\u0131plar\u0131n\u0131n ya\u015fanmas\u0131n\u0131 engelleyen ya\u011fmurlama sulama, suyun az oldu\u011fu geni\u015f alanlar\u0131n sulanmas\u0131na imk\u00e2n tan\u0131yor. \u00d6te yandan ya\u011fmurlama sulamada r\u00fczg\u00e2rl\u0131 havalarda su da\u011f\u0131l\u0131m rand\u0131man\u0131nda d\u00fc\u015f\u00fc\u015f ya\u015fan\u0131yor. Sulama g\u00fcnd\u00fcz ger\u00e7ekle\u015ftiriliyorsa s\u0131cak ve kurak b\u00f6lgelerde buharla\u015fma ile su kay\u0131plar\u0131 ya\u015fanabiliyor. Bir di\u011fer olumsuz \u00f6zellik ise sulama i\u015flemi bitkilerin tozla\u015fma d\u00f6nemine denk gelirse d\u00f6llenmeye engel olabiliyor. Ayr\u0131ca bitki yapraklar\u0131 \u0131sland\u0131\u011f\u0131ndan \u00e7e\u015fitli hastal\u0131klar da geli\u015febiliyor.<\/p>\n\n\n\n<p><strong>Avantajlar\u0131<\/strong><br><\/p>\n\n\n\n<ul class=\"wp-block-list\">\n<li>Geleneksel salma sulamaya g\u00f6re y\u00fczde 70 su tasarrufu sa\u011fl\u0131yor.<\/li>\n\n\n\n<li>\u00dcr\u00fcne g\u00f6re verimi y\u00fczde 20-90 oran\u0131nda artt\u0131r\u0131yor.<\/li>\n\n\n\n<li>Fertigasyona imk\u00e2n tan\u0131yarak bitki beslemeyi kolayla\u015ft\u0131r\u0131yor.<\/li>\n\n\n\n<li>E\u015fit da\u011f\u0131lan su sayesinde uniform bitki geli\u015fimini ve verimlili\u011fi artt\u0131r\u0131yor.<\/li>\n<\/ul>\n","protected":false},"excerpt":{"rendered":"<p>Modern sulama y\u00f6ntemleri, ilerleyen sulama teknolojileri ile birlikte geli\u015fmeye devam ediyor. Bu y\u00f6ntemlerden biri olan damla sulama hen\u00fcz y\u00fczde 14\u2019l\u00fck bir paya sahip olsa da&hellip;<\/p>\n","protected":false},"author":1,"featured_media":810,"parent":0,"menu_order":0,"comment_status":"closed","ping_status":"closed","template":"","meta":{"footnotes":""},"class_list":["post-955","page","type-page","status-publish","has-post-thumbnail","hentry"],"_links":{"self":[{"href":"https:\/\/obentarim.com\/index.php?rest_route=\/wp\/v2\/pages\/955","targetHints":{"allow":["GET"]}}],"collection":[{"href":"https:\/\/obentarim.com\/index.php?rest_route=\/wp\/v2\/pages"}],"about":[{"href":"https:\/\/obentarim.com\/index.php?rest_route=\/wp\/v2\/types\/page"}],"author":[{"embeddable":true,"href":"https:\/\/obentarim.com\/index.php?rest_route=\/wp\/v2\/users\/1"}],"replies":[{"embeddable":true,"href":"https:\/\/obentarim.com\/index.php?rest_route=%2Fwp%2Fv2%2Fcomments&post=955"}],"version-history":[{"count":1,"href":"https:\/\/obentarim.com\/index.php?rest_route=\/wp\/v2\/pages\/955\/revisions"}],"predecessor-version":[{"id":957,"href":"https:\/\/obentarim.com\/index.php?rest_route=\/wp\/v2\/pages\/955\/revisions\/957"}],"wp:featuredmedia":[{"embeddable":true,"href":"https:\/\/obentarim.com\/index.php?rest_route=\/wp\/v2\/media\/810"}],"wp:attachment":[{"href":"https:\/\/obentarim.com\/index.php?rest_route=%2Fwp%2Fv2%2Fmedia&parent=955"}],"curies":[{"name":"wp","href":"https:\/\/api.w.org\/{rel}","templated":true}]}}