{"id":890,"date":"2024-05-12T19:21:08","date_gmt":"2024-05-12T19:21:08","guid":{"rendered":"https:\/\/obentarim.com\/?page_id=890"},"modified":"2024-05-12T19:21:08","modified_gmt":"2024-05-12T19:21:08","slug":"sirket-bilgiler","status":"publish","type":"page","link":"https:\/\/obentarim.com\/?page_id=890","title":{"rendered":"\u015e\u0130RKET B\u0130LG\u0130LER"},"content":{"rendered":"\n<div class=\"wp-block-columns is-layout-flex wp-container-core-columns-is-layout-28f84493 wp-block-columns-is-layout-flex\">\n<div class=\"wp-block-column is-layout-flow wp-block-column-is-layout-flow\" style=\"flex-basis:33.33%\">\n<figure class=\"wp-block-image size-full\"><img loading=\"lazy\" decoding=\"async\" width=\"539\" height=\"505\" src=\"https:\/\/obentarim.com\/wp-content\/uploads\/2024\/05\/cropped-logo1.png\" alt=\"\" class=\"wp-image-872\" srcset=\"https:\/\/obentarim.com\/wp-content\/uploads\/2024\/05\/cropped-logo1.png 539w, https:\/\/obentarim.com\/wp-content\/uploads\/2024\/05\/cropped-logo1-300x281.png 300w\" sizes=\"auto, (max-width: 539px) 100vw, 539px\" \/><\/figure>\n<\/div>\n\n\n\n<div class=\"wp-block-column is-layout-flow wp-block-column-is-layout-flow\" style=\"flex-basis:66.66%\">\n<p><\/p>\n\n\n\n<h5 class=\"wp-block-heading\"><sup>KURULU\u015e\u00a0YILI\u00a0 \u00a0 \u00a0 \u00a0 \u00a0 \u00a0 \u00a0 \u00a0 \u00a0 \u00a0 \u00a0 :\u00a0 2010 \/\u00a0 MAYIS<\/sup><\/h5>\n\n\n\n<h5 class=\"wp-block-heading\"><sup>SERMAYES\u0130\u00a0 \u00a0 \u00a0 \u00a0 \u00a0 \u00a0 \u00a0 \u00a0 \u00a0 \u00a0 \u00a0 \u00a0 \u00a0 : 8.200.000,00\u00a0 TL<\/sup><\/h5>\n\n\n\n<h5 class=\"wp-block-heading\"><sup>T\u0130CARET S\u0130C\u0130L NO\u00a0 \u00a0 \u00a0 \u00a0 \u00a0 \u00a0 \u00a0 \u00a0:\u00a0 736390<\/sup><\/h5>\n\n\n\n<h5 class=\"wp-block-heading\"><strong><sup>VERG\u0130 DA\u0130RES\u0130 VE NO\u00a0\u00a0\u00a0\u00a0\u00a0\u00a0\u00a0\u00a0 :\u00a0 \u00dcSK\u00dcDAR\u00a0 \/ 632 039 11 34<\/sup><\/strong><\/h5>\n\n\n\n<h5 class=\"wp-block-heading\">\u0130<sup>\u015eLETME\u00a0NO\u00a0 \u00a0 \u00a0 \u00a0 \u00a0 \u00a0 \u00a0 \u00a0 \u00a0 \u00a0 \u00a0 \u00a0:\u00a0 TR39 0000 3944 72<\/sup><\/h5>\n<\/div>\n<\/div>\n","protected":false},"excerpt":{"rendered":"<p>KURULU\u015e\u00a0YILI\u00a0 \u00a0 \u00a0 \u00a0 \u00a0 \u00a0 \u00a0 \u00a0 \u00a0 \u00a0 \u00a0 :\u00a0 2010 \/\u00a0 MAYIS SERMAYES\u0130\u00a0 \u00a0 \u00a0 \u00a0 \u00a0 \u00a0 \u00a0 \u00a0 \u00a0 \u00a0&hellip;<\/p>\n","protected":false},"author":1,"featured_media":0,"parent":0,"menu_order":0,"comment_status":"closed","ping_status":"closed","template":"","meta":{"footnotes":""},"class_list":["post-890","page","type-page","status-publish","hentry"],"_links":{"self":[{"href":"https:\/\/obentarim.com\/index.php?rest_route=\/wp\/v2\/pages\/890","targetHints":{"allow":["GET"]}}],"collection":[{"href":"https:\/\/obentarim.com\/index.php?rest_route=\/wp\/v2\/pages"}],"about":[{"href":"https:\/\/obentarim.com\/index.php?rest_route=\/wp\/v2\/types\/page"}],"author":[{"embeddable":true,"href":"https:\/\/obentarim.com\/index.php?rest_route=\/wp\/v2\/users\/1"}],"replies":[{"embeddable":true,"href":"https:\/\/obentarim.com\/index.php?rest_route=%2Fwp%2Fv2%2Fcomments&post=890"}],"version-history":[{"count":1,"href":"https:\/\/obentarim.com\/index.php?rest_route=\/wp\/v2\/pages\/890\/revisions"}],"predecessor-version":[{"id":892,"href":"https:\/\/obentarim.com\/index.php?rest_route=\/wp\/v2\/pages\/890\/revisions\/892"}],"wp:attachment":[{"href":"https:\/\/obentarim.com\/index.php?rest_route=%2Fwp%2Fv2%2Fmedia&parent=890"}],"curies":[{"name":"wp","href":"https:\/\/api.w.org\/{rel}","templated":true}]}}